677
What are the prime factors of 68112316?
2, 41, 415319
List the prime factors of 6448750047.
3, 619, 1157557
What are the prime factors of 3139135858?
2, 67, 2341, 10007
What are the prime factors of 32292677?
32292677
List the prime factors of 2112931723.
7, 3923, 76943
List the prime factors of 566709290.
2, 5, 7, 8095847
What are the prime factors of 199422668?
2, 49855667
List the prime factors of 39969926.
2, 19984963
List the prime factors of 464432118.
2, 3, 77405353
List the prime factors of 140545108.
2, 11, 79, 40433
What are the prime factors of 809422258?
2, 17, 107, 271, 821
What are the prime factors of 1152018064?
2, 1193, 60353
List the prime factors of 2043508020.
2, 3, 5, 109, 271, 1153
List the prime factors of 1141520439.
3, 149, 683, 3739
What are the prime factors of 176613713?
176613713
List the prime factors of 2285873454.
2, 3, 383, 994723
List the prime factors of 52909957.
52909957
List the prime factors of 313673251.
29, 10816319
What are the prime factors of 896814087?
3, 13, 83, 277051
What are the prime factors of 56237274?
2, 3, 107, 9733
List the prime factors of 3717256796.
2, 11, 61, 769, 1801
List the prime factors of 738786432.
2, 3, 127, 15149
What are the prime factors of 62749080?
2, 3, 5, 107, 181
List the prime factors of 260229848.
2, 3671, 8861
List the prime factors of 373081955.
5, 29, 439, 5861
What are the prime factors of 91857935?
5, 13, 29, 48731
What are the prime factors of 507974413?
353, 929, 1549
What are the prime factors of 77508402?
2, 3, 317, 40751
What are the prime factors of 1885743949?
1933, 975553
List the prime factors of 28322742.
2, 3, 7, 571, 1181
What are the prime factors of 102910102?
2, 541, 95111
List the prime factors of 171458067.
3, 11, 1721, 3019
What are the prime factors of 391091903?
1409, 277567
List the prime factors of 73254639.
3, 53, 460721
What are the prime factors of 1302327393?
3, 19, 22847849
List the prime factors of 46885559.
7, 19, 352523
What are the prime factors of 3684649881?
3, 11, 111656057
List the prime factors of 47214381.
3, 1999, 7873
What are the prime factors of 92085771?
3, 30695257
What are the prime factors of 922754219?
29, 31819111
List the prime factors of 3523878328.
2, 379, 1162229
List the prime factors of 87752135.
5, 17550427
What are the prime factors of 892597444?
2, 17, 937, 14009
List the prime factors of 437620571.
37, 83, 142501
List the prime factors of 20658662.
2, 19, 43, 47, 269
List the prime factors of 826387345.
5, 7, 23611067
List the prime factors of 7166198197.
599, 1381, 8663
List the prime factors of 21840466.
2, 10920233
What are the prime factors of 728908622?
2, 13, 28034947
List the prime factors of 450481390.
2, 5, 929, 48491
What are the prime factors of 3786466513?
3786466513
What are the prime factors of 2676129114?
2, 3, 446021519
What are the prime factors of 2815187635?
5, 13, 1559, 2137
List the prime factors of 49281103.
31, 1589713
What are the prime factors of 58835091?
3, 7, 479, 5849
What are the prime factors of 1605329047?
7, 41, 101, 55381
List the prime factors of 23697480.
2, 3, 5, 197479
List the prime factors of 4276754895.
3, 5, 7, 23, 41, 47, 919
List the prime factors of 3382934574.
2, 3, 15161, 37189
What are the prime factors of 22795118?
2, 71, 229, 701
List the prime factors of 130162188.
2, 3, 13, 233, 3581
List the prime factors of 40522614.
2, 3, 11, 101, 6079
List the prime factors of 276266563.
276266563
What are the prime factors of 240517378?
2, 271, 443759
What are the prime factors of 54786555?
3, 5, 149, 8171
What are the prime factors of 5355271235?
5, 17, 31, 2032361
List the prime factors of 1160640243.
3, 7, 18422861
What are the prime factors of 457850895?
3, 5, 41, 131, 5683
What are the prime factors of 822853256?
2, 79, 389, 3347
List the prime factors of 2060454818.
2, 53, 349, 55697
What are the prime factors of 94104608?
2, 13, 17401
What are the prime factors of 86298274?
2, 863, 49999
What are the prime factors of 67644778?
2, 33822389
What are the prime factors of 21413403?
3, 11, 8011
What are the prime factors of 4537220401?
7, 157, 509, 8111
What are the prime factors of 41559368?
2, 5194921
List the prime factors of 82698613.
82698613
List the prime factors of 113582020.
2, 5, 5679101
What are the prime factors of 767501082?
2, 3, 4737661
What are the prime factors of 42058169?
41, 107, 9587
List the prime factors of 35281201.
1187, 29723
What are the prime factors of 192467653?
7, 41, 670619
List the prime factors of 9318181.
1289, 7229
List the prime factors of 52331531.
7, 7475933
List the prime factors of 211568234.
2, 105784117
What are the prime factors of 81806825?
5, 29, 53, 2129
What are the prime factors of 254036609?
977, 260017
List the prime factors of 100010299.
29, 3448631
What are the prime factors of 13019765?
5, 11, 236723
What are the prime factors of 101404396?
2, 233, 108803
What are the prime factors of 4411082390?
2, 5, 11, 13, 3084673
What are the prime factors of 29661808?
2, 11, 168533
List the prime factors of 44237476.
2, 11059369
What are the prime factors of 5693108004?
2, 3, 59, 33091
List the prime factors of 1448652720.
2, 3, 5, 19, 163, 1949
What are the prime factors of 745060493?
21019, 35447
What are the prime factors of 27022706?
2, 13511353
List the prime factors of 56881760.
2, 5, 13, 23, 29, 41
What are the prime factors of 56255833?
193, 291481
What are the prime factors of 32156520?
2, 3, 5, 11, 17, 1433
List the prime factors of 530046527.
593, 893839
What are the prime factors of 1035838454?
2, 7, 71, 1042091
List the prime factors of 36468080.
2, 5, 11, 29, 1429
List the prime factors of 794214306.
2, 3, 44123017
What are the prime factors of 2679031400?
2, 5, 13395157
What are the prime factors of 402552429?
3, 89, 1507687
What are the prime factors of 225839838?
2, 3, 7, 101, 53239
What are the prime factors of 87697722?
2, 3, 7, 53, 39397
What are the prime factors of 8341415998?
2, 4170707999
List the prime factors of 51471976.
2, 23, 79, 3541
What are the prime factors of 1344022176?
2, 3, 7, 17
What are the prime factors of 489146264?
2, 71, 113, 7621
List the prime factors of 3653605604.
2, 11, 83036491
What are the prime factors of 1078959514?
2, 539479757
List the prime factors of 493663914.
2, 3, 83, 330431
What are the prime factors of 733141695?
3, 5, 11, 13, 19, 17989
What are the prime factors of 1371696114?
2, 3, 29, 103, 76537
What are the prime factors of 630649950?
2, 3, 5, 7, 29, 139, 149
List the prime factors of 265147817.
11, 53, 454799
List the prime factors of 396289937.
396289937
What are the prime factors of 36816609?
3, 53, 231551
What are the prime factors of 87455811?
3, 29151937
What are the prime factors of 3019773803?
349, 8652647
List the prime factors of 4634620724.
2, 1158655181
List the prime factors of 34244039.
43, 796373
List the prime factors of 2290533453.
3, 13, 23, 479, 1777
List the prime factors of 736683876.
2, 3, 31, 139, 1583
What are the prime factors of 268160006?
2, 17, 1303, 6053
List the prime factors of 10362348.
2, 3, 53, 5431
What are the prime factors of 746281374?
2, 3, 124380229
What are the prime factors of 679956657?
3, 5437, 41687
What are the prime factors of 71204259?
3, 7, 43, 78853
List the prime factors of 211438966.
2, 7207, 14669
List the prime factors of 522072637.
8389, 62233
What are the prime factors of 342023770?
2, 5, 11, 3109307
List the prime factors of 3098381695.
5, 619676339
What are the prime factors of 101516267?
197, 515311
List the prime factors of 814142878.
2, 9341, 43579
What are the prime factors of 3774340692?
2, 3, 34947599
What are the prime factors of 40336766?
2, 31, 59, 11027
What are the prime factors of 166475389?
166475389
List the prime factors of 1020269563.
1020269563
What are the prime factors of 1429673342?
2, 25253, 28307
List the prime factors of 193631705.
5, 38726341
List the prime factors of 12205734.
2, 3, 61, 33349
List the prime factors of 706370411.
23, 73, 257, 1637
What are the prime factors of 15202577?
13, 419, 2791
List the prime factors of 56922436.
2, 461, 30869
List the prime factors of 227538256.
2, 11, 1292831
List the prime factors of 7429718.
2, 3714859
What are the prime factor